{"id":4,"date":"2016-03-02T06:37:57","date_gmt":"2016-03-02T06:37:57","guid":{"rendered":"http:\/\/dev.xantaindia.com\/development\/dev2016\/amit\/joelafrance\/?page_id=4"},"modified":"2020-08-01T10:29:07","modified_gmt":"2020-08-01T10:29:07","slug":"home","status":"publish","type":"page","link":"https:\/\/psychotherapie-gilles.de\/","title":{"rendered":"Der Weg beginnt&#8230;"},"content":{"rendered":"\n<p class=\"has-large-font-size\"><strong>Weitere Informationen:<\/strong><\/p>\n\n\n\n<p style=\"font-size:40px\"><strong><a href=\"http:\/\/www.coaching-gilles.com\">www.Coaching-Gilles.com<\/a><\/strong><\/p>\n\n\n\n<h3><strong><a rel=\"noreferrer noopener\" href=\"http:\/\/www.praxis-gilles.de\" target=\"_blank\">www.Praxis-Gilles.de<\/a><\/strong><\/h3>\n\n\n\n<p class=\"has-larger-font-size\"><\/p>\n\n\n\n<h1><strong>Herzlich willkommen bei der Joe LaFrance UG!<\/strong><\/h1>\n\n\n\n<h3>Wir freuen uns, Sie auf unserer Homepage begr\u00fc\u00dfen zu k\u00f6nnen.<\/h3>\n\n\n\n<p>Als Dienstleister f\u00fcr alle Fragen um F\u00fchrungsthemen in Service, Vertrieb, IT und Operations stehen wir Ihnen gerne mit Rat &amp; Tat zur Verf\u00fcgung. Wir k\u00f6nnen helfen, wenn&#8230;.<\/p>\n\n\n\n<ul><li>Ihre Teams nicht mehr richtig funktionieren<\/li><li>Ihre F\u00fchrungskr\u00e4fte Unterst\u00fctzung brauchen<\/li><li>Ihre Vertriebsergebnisse schlechter sind als geplant,<\/li><li>Sie F\u00fchrungspositionen interimistisch besetzen m\u00f6chten,<\/li><li>Sie Ihr Unternehmen vor Stress-, Mobbing-, Burnout- bedingten Ausf\u00e4llen sch\u00fctzen m\u00f6chten (Pr\u00e4vention &amp; Aufarbeitung)<\/li><li>F\u00fcr alle Anfragen, bitte kontaktieren Sie die <strong>02324- 344 86 11<\/strong><\/li><\/ul>\n\n\n\n<p class=\"has-large-font-size\"><\/p>\n","protected":false},"excerpt":{"rendered":"<p>Weitere Informationen: www.Coaching-Gilles.com www.Praxis-Gilles.de Herzlich willkommen bei der Joe LaFrance UG! Wir freuen uns, Sie auf unserer Homepage begr\u00fc\u00dfen zu k\u00f6nnen. Als Dienstleister f\u00fcr alle Fragen um F\u00fchrungsthemen in Service, Vertrieb, IT und Operations stehen wir Ihnen gerne mit Rat &amp; Tat zur Verf\u00fcgung. Wir k\u00f6nnen helfen, wenn&#8230;. Ihre Teams nicht mehr richtig funktionieren Ihre &hellip; <a href=\"https:\/\/psychotherapie-gilles.de\/\" class=\"more-link\"><span class=\"screen-reader-text\">Der Weg beginnt&#8230;<\/span> weiterlesen <span class=\"meta-nav\">&rarr;<\/span><\/a><\/p>\n","protected":false},"author":2,"featured_media":217,"parent":0,"menu_order":0,"comment_status":"closed","ping_status":"closed","template":"index.php","meta":[],"_links":{"self":[{"href":"https:\/\/psychotherapie-gilles.de\/index.php?rest_route=\/wp\/v2\/pages\/4"}],"collection":[{"href":"https:\/\/psychotherapie-gilles.de\/index.php?rest_route=\/wp\/v2\/pages"}],"about":[{"href":"https:\/\/psychotherapie-gilles.de\/index.php?rest_route=\/wp\/v2\/types\/page"}],"author":[{"embeddable":true,"href":"https:\/\/psychotherapie-gilles.de\/index.php?rest_route=\/wp\/v2\/users\/2"}],"replies":[{"embeddable":true,"href":"https:\/\/psychotherapie-gilles.de\/index.php?rest_route=%2Fwp%2Fv2%2Fcomments&post=4"}],"version-history":[{"count":16,"href":"https:\/\/psychotherapie-gilles.de\/index.php?rest_route=\/wp\/v2\/pages\/4\/revisions"}],"predecessor-version":[{"id":190,"href":"https:\/\/psychotherapie-gilles.de\/index.php?rest_route=\/wp\/v2\/pages\/4\/revisions\/190"}],"wp:featuredmedia":[{"embeddable":true,"href":"https:\/\/psychotherapie-gilles.de\/index.php?rest_route=\/wp\/v2\/media\/217"}],"wp:attachment":[{"href":"https:\/\/psychotherapie-gilles.de\/index.php?rest_route=%2Fwp%2Fv2%2Fmedia&parent=4"}],"curies":[{"name":"wp","href":"https:\/\/api.w.org\/{rel}","templated":true}]}}